{"id":214620,"date":"2024-03-01T13:17:11","date_gmt":"2024-03-01T11:17:11","guid":{"rendered":"https:\/\/mirtoshikingvillage.com\/hiking-with-lisa\/"},"modified":"2024-03-01T17:34:36","modified_gmt":"2024-03-01T15:34:36","slug":"wandern-mit-lisa","status":"publish","type":"page","link":"https:\/\/mirtoshikingvillage.com\/de\/wandern-mit-lisa\/","title":{"rendered":"Wandern &#8211; mit Lisa"},"content":{"rendered":"<p>[et_pb_section fb_built=&#8220;1&#8243; custom_padding_last_edited=&#8220;on|desktop&#8220; admin_label=&#8220;section&#8220; _builder_version=&#8220;3.22&#8243; background_color=&#8220;rgba(255,255,255,0)&#8220; custom_padding=&#8220;0px|||&#8220; custom_padding_tablet=&#8220;50px|0|50px|0&#8243; custom_padding_phone=&#8220;&#8220; custom_css_main_element=&#8220;background: grey; \/* For browsers that do not support gradients *\/|| background: -webkit-linear-gradient(left, rgba(255,255,255,0.25) , rgba(137,137,137,0)); \/* For Safari 5.1 to 6.0 *\/|| background: -o-linear-gradient(right, rgba(255,255,255,0.25), rgba(137,137,137,0)); \/* For Opera 11.1 to 12.0 *\/|| background: -moz-linear-gradient(right, rgba(255,255,255,0.25), rgba(137,137,137,0)); \/* For Firefox 3.6 to 15 *\/|| background: linear-gradient(to right, rgba(255,255,255,0.25) , rgba(137,137,137,0)); \/* Standard syntax (must be last) *\/|| &#8220; transparent_background=&#8220;on&#8220; padding_mobile=&#8220;off&#8220; make_fullwidth=&#8220;off&#8220; use_custom_width=&#8220;off&#8220; width_unit=&#8220;on&#8220; global_module=&#8220;212436&#8243; global_colors_info=&#8220;{}&#8220;][et_pb_row use_custom_gutter=&#8220;on&#8220; gutter_width=&#8220;1&#8243; _builder_version=&#8220;4.16&#8243; background_size=&#8220;initial&#8220; background_position=&#8220;top_left&#8220; background_repeat=&#8220;repeat&#8220; custom_margin=&#8220;|||0px&#8220; custom_padding=&#8220;||0px|0px&#8220; make_fullwidth=&#8220;off&#8220; use_custom_width=&#8220;off&#8220; width_unit=&#8220;on&#8220; global_colors_info=&#8220;{}&#8220;][et_pb_column type=&#8220;4_4&#8243; _builder_version=&#8220;4.16&#8243; custom_padding=&#8220;|||3%&#8220; global_colors_info=&#8220;{}&#8220; custom_padding__hover=&#8220;|||&#8220;][et_pb_text admin_label=&#8220;top&#8220; _builder_version=&#8220;4.16&#8243; background_size=&#8220;initial&#8220; background_position=&#8220;top_left&#8220; background_repeat=&#8220;repeat&#8220; custom_css_main_element=&#8220;position: fixed;||top: 120px;||right: 11px;||transform: rotate(90deg);&#8220; use_border_color=&#8220;off&#8220; border_color=&#8220;#ffffff&#8220; border_style=&#8220;solid&#8220; global_colors_info=&#8220;{}&#8220;]<\/p>\n<p><span style=\"font-size: 24pt; color: #f3fcf7;\">\u2190<\/span><\/p>\n<p>[\/et_pb_text][et_pb_text admin_label=&#8220;bottom&#8220; _builder_version=&#8220;4.16&#8243; background_size=&#8220;initial&#8220; background_position=&#8220;top_left&#8220; background_repeat=&#8220;repeat&#8220; custom_css_main_element=&#8220;position: fixed;||bottom: 120px;||right: 11px;||transform: rotate(90deg);&#8220; use_border_color=&#8220;off&#8220; border_color=&#8220;#ffffff&#8220; border_style=&#8220;solid&#8220; global_colors_info=&#8220;{}&#8220;]<\/p>\n<p><span style=\"font-size: 24pt; color: #a9cb27;\">\u2192<\/span><\/p>\n<p>[\/et_pb_text][et_pb_image src=&#8220;https:\/\/www.staticdata.nl\/svg\/mirtos-wanderdorf-logo.svg&#8220; align_tablet=&#8220;center&#8220; align_last_edited=&#8220;on|desktop&#8220; _builder_version=&#8220;4.16&#8243; use_border_color=&#8220;off&#8220; border_color=&#8220;#ffffff&#8220; border_style=&#8220;solid&#8220; sticky=&#8220;off&#8220; always_center_on_mobile=&#8220;on&#8220; global_colors_info=&#8220;{}&#8220; align_phone=&#8220;center&#8220;][\/et_pb_image][\/et_pb_column][\/et_pb_row][et_pb_row use_custom_gutter=&#8220;on&#8220; gutter_width=&#8220;1&#8243; padding_mobile=&#8220;off&#8220; column_padding_mobile=&#8220;on&#8220; _builder_version=&#8220;4.16&#8243; background_size=&#8220;initial&#8220; background_position=&#8220;top_left&#8220; background_repeat=&#8220;repeat&#8220; custom_margin=&#8220;-80px|||&#8220; custom_padding=&#8220;0px||0px|&#8220; make_fullwidth=&#8220;off&#8220; use_custom_width=&#8220;off&#8220; width_unit=&#8220;on&#8220; global_colors_info=&#8220;{}&#8220;][et_pb_column type=&#8220;4_4&#8243; _builder_version=&#8220;4.16&#8243; custom_padding=&#8220;|||&#8220; global_colors_info=&#8220;{}&#8220; custom_padding__hover=&#8220;|||&#8220;][et_pb_text _builder_version=&#8220;4.16&#8243; background_size=&#8220;initial&#8220; background_position=&#8220;top_left&#8220; background_repeat=&#8220;repeat&#8220; text_orientation=&#8220;right&#8220; background_layout=&#8220;dark&#8220; custom_margin=&#8220;-20px|||&#8220; use_border_color=&#8220;off&#8220; border_color=&#8220;#ffffff&#8220; border_style=&#8220;solid&#8220; global_colors_info=&#8220;{}&#8220;]<\/p>\n<h1 style=\"text-align: right;\"><span style=\"color: rgba(229, 255, 228, 0.8); font-size: 2.5vw;\">Wandern im S\u00fcden Kretas<\/span><\/h1>\n<p>[\/et_pb_text][\/et_pb_column][\/et_pb_row][\/et_pb_section][et_pb_section fb_built=&#8220;1&#8243; use_custom_gutter=&#8220;on&#8220; gutter_width=&#8220;1&#8243; specialty=&#8220;on&#8220; parallax_method_1=&#8220;off&#8220; parallax_method_2=&#8220;off&#8220; background_color_1=&#8220;rgba(229,255,228,0.8)&#8220; background_color_2=&#8220;RGBA(255,255,255,0)&#8220; padding_bottom_1=&#8220;0px&#8220; module_class_2=&#8220;plakplaatje&#8220; _builder_version=&#8220;4.24.2&#8243; background_color=&#8220;rgba(255,255,255,0)&#8220; custom_padding=&#8220;0px|||&#8220; transparent_background=&#8220;on&#8220; make_fullwidth=&#8220;off&#8220; use_custom_width=&#8220;off&#8220; width_unit=&#8220;on&#8220; global_colors_info=&#8220;{}&#8220;][et_pb_column type=&#8220;1_2&#8243; _builder_version=&#8220;4.16&#8243; custom_padding=&#8220;|||&#8220; global_colors_info=&#8220;{}&#8220; custom_padding__hover=&#8220;|||&#8220;][et_pb_post_title meta=&#8220;off&#8220; featured_image=&#8220;off&#8220; _builder_version=&#8220;4.16&#8243; custom_margin=&#8220;-15px|||&#8220; custom_padding=&#8220;0px|3%||3%&#8220; use_border_color=&#8220;off&#8220; border_color=&#8220;#ffffff&#8220; border_style=&#8220;solid&#8220; parallax_effect=&#8220;off&#8220; global_colors_info=&#8220;{}&#8220;][\/et_pb_post_title][et_pb_testimonial author=&#8220;Lisa Miklin&#8220; job_title=&#8220;Wanderf\u00fchrerin&#8220; url=&#8220;https:\/\/www.walkingdimension.com&#8220; portrait_url=&#8220;https:\/\/mirtoshikingvillage.com\/wp-content\/uploads\/2024\/03\/lisa-profile.webp&#8220; quote_icon_color=&#8220;#a9cb27&#8243; _builder_version=&#8220;4.24.2&#8243; use_background_color=&#8220;off&#8220; background_size=&#8220;initial&#8220; background_position=&#8220;top_left&#8220; background_repeat=&#8220;repeat&#8220; custom_margin=&#8220;60px|3%|3%|3%&#8220; custom_padding=&#8220;2%|2%|2%|2%&#8220; hover_enabled=&#8220;0&#8243; custom_css_main_element=&#8220;background: grey; \/* For browsers that do not support gradients *\/|| background: -webkit-linear-gradient(left, rgba(255,255,255,1) , rgba(0,0,0,0)); \/* For Safari 5.1 to 6.0 *\/|| background: -o-linear-gradient(right, rgba(255,255,255,1), rgba(0,0,0,0)); \/* For Opera 11.1 to 12.0 *\/|| background: -moz-linear-gradient(right, rgba(255,255,255,1), rgba(0,0,0,0)); \/* For Firefox 3.6 to 15 *\/|| background: linear-gradient(to right, rgba(255,255,255,1) , rgba(0,0,0,0)); \/* Standard syntax (must be last) *\/&#8220; custom_css_testimonial_portrait=&#8220;margin-top: -60px;&#8220; use_border_color=&#8220;off&#8220; border_color=&#8220;#ffffff&#8220; border_style=&#8220;solid&#8220; global_colors_info=&#8220;{}&#8220; sticky_enabled=&#8220;0&#8243;]<\/p>\n<p>Mein Name ist Lisa Miklin, geboren 1983 und aufgewachsen in Wien\/\u00d6sterreich. Ich bin zertifizierte Shiatsu-Praktikerin und Physiotherapeutin. Ich bin ein begeisterter Wanderer und Reisender. Zu Fu\u00df gehen ist f\u00fcr mich die sch\u00f6nste Art, einen unbekannten Ort zu erkunden.<\/p>\n<p>Das Wandern in den Bergen hilft mir, mein inneres Gleichgewicht zu bewahren und k\u00f6rperlich und geistig fit zu bleiben. Ich bin sehr gl\u00fccklich und dankbar, dass ich meine Leidenschaft nun zum Beruf mache.<\/p>\n<p>Seit 2018 lebe ich mit meinem Partner im S\u00fcden Kretas. Gemeinsam haben wir ein wildes St\u00fcck Land bewohnbar gemacht und orientieren uns an den Prinzipien der Permakultur. Unsere kleine Tochter w\u00e4chst hier auf dieser wundersch\u00f6nen Insel zwischen Bergen und Meer auf.<\/p>\n<p>[\/et_pb_testimonial][et_pb_text _builder_version=&#8220;4.24.2&#8243; background_color=&#8220;rgba(255,255,255,0.25)&#8220; background_size=&#8220;initial&#8220; background_position=&#8220;top_left&#8220; background_repeat=&#8220;repeat&#8220; custom_margin=&#8220;3%|3%|3%|3%&#8220; custom_padding=&#8220;3%|3%|3%|3%&#8220; hover_enabled=&#8220;0&#8243; border_width_all=&#8220;3px&#8220; border_color_all=&#8220;#ffffff&#8220; border_style_all=&#8220;solid&#8220; use_border_color=&#8220;on&#8220; border_color=&#8220;#ffffff&#8220; border_width=&#8220;3px&#8220; border_style=&#8220;solid&#8220; global_colors_info=&#8220;{}&#8220; sticky_enabled=&#8220;0&#8243;]<\/p>\n<h4>Der Wert eines Wanderf\u00fchrers<\/h4>\n<ul>\n<li>Ein F\u00fchrer zeigt den Weg.<br \/>\n(Auf Kreta ist das noch sehr wichtig, weil die meisten Wege schlecht oder gar nicht markiert sind. Weiters bringt Sie ein F\u00fchrer zu Pl\u00e4tzen die Sie allein nur schwer finden k\u00f6nnen)<\/li>\n<li>Ein F\u00fchrer erz\u00e4hlt und erkl\u00e4rt.<\/li>\n<li>Ein F\u00fchrer begeistert.<\/li>\n<li>Ein F\u00fchrer sorgt f\u00fcr Sicherheit.<\/li>\n<li>Ein F\u00fchrer verbindet Menschen mit der Natur und Menschen mit Menschen.<\/li>\n<\/ul>\n<p>[\/et_pb_text][et_pb_divider show_divider=&#8220;off&#8220; disabled_on=&#8220;|off|on&#8220; _builder_version=&#8220;4.16&#8243; height=&#8220;30px&#8220; hide_on_mobile=&#8220;off&#8220; global_colors_info=&#8220;{}&#8220;][\/et_pb_divider][\/et_pb_column][et_pb_column type=&#8220;1_2&#8243; specialty_columns=&#8220;2&#8243; _builder_version=&#8220;4.16&#8243; custom_padding=&#8220;|||&#8220; global_colors_info=&#8220;{}&#8220; custom_padding__hover=&#8220;|||&#8220;][\/et_pb_column][\/et_pb_section]<\/p>\n","protected":false},"excerpt":{"rendered":"<p>\u2190\u2192Wandern im S\u00fcden KretasMein Name ist Lisa Miklin, geboren 1983 und aufgewachsen in Wien\/\u00d6sterreich. Ich bin zertifizierte Shiatsu-Praktikerin und Physiotherapeutin. Ich bin ein begeisterter Wanderer und Reisender. Zu Fu\u00df gehen ist f\u00fcr mich die sch\u00f6nste Art, einen unbekannten Ort zu erkunden. Das Wandern in den Bergen hilft mir, mein inneres Gleichgewicht zu bewahren und k\u00f6rperlich [&hellip;]<\/p>\n","protected":false},"author":2,"featured_media":0,"parent":0,"menu_order":0,"comment_status":"closed","ping_status":"closed","template":"","meta":{"_et_pb_use_builder":"on","_et_pb_old_content":"","_et_gb_content_width":"","footnotes":""},"class_list":["post-214620","page","type-page","status-publish","hentry"],"_links":{"self":[{"href":"https:\/\/mirtoshikingvillage.com\/de\/wp-json\/wp\/v2\/pages\/214620","targetHints":{"allow":["GET"]}}],"collection":[{"href":"https:\/\/mirtoshikingvillage.com\/de\/wp-json\/wp\/v2\/pages"}],"about":[{"href":"https:\/\/mirtoshikingvillage.com\/de\/wp-json\/wp\/v2\/types\/page"}],"author":[{"embeddable":true,"href":"https:\/\/mirtoshikingvillage.com\/de\/wp-json\/wp\/v2\/users\/2"}],"replies":[{"embeddable":true,"href":"https:\/\/mirtoshikingvillage.com\/de\/wp-json\/wp\/v2\/comments?post=214620"}],"version-history":[{"count":0,"href":"https:\/\/mirtoshikingvillage.com\/de\/wp-json\/wp\/v2\/pages\/214620\/revisions"}],"wp:attachment":[{"href":"https:\/\/mirtoshikingvillage.com\/de\/wp-json\/wp\/v2\/media?parent=214620"}],"curies":[{"name":"wp","href":"https:\/\/api.w.org\/{rel}","templated":true}]}}

<p>[et_pb_section fb_built=&#8220;1&#8243; custom_padding_last_edited=&#8220;on|desktop&#8220; admin_label=&#8220;section&#8220; _builder_version=&#8220;3.22&#8243; background_color=&#8220;rgba(255,255,255,0)&#8220; custom_padding=&#8220;0px|||&#8220; custom_padding_tablet=&#8220;50px|0|50px|0&#8243; custom_padding_phone=&#8220;&#8220; custom_css_main_element=&#8220;background: grey; /* For browsers that do not support gradients */|| background: -webkit-linear-gradient(left, rgba(255,255,255,0.25) , rgba(137,137,137,0)); /* For Safari 5.1 to 6.0 */|| background: -o-linear-gradient(right, rgba(255,255,255,0.25), rgba(137,137,137,0)); /* For Opera 11.1 to 12.0 */|| background: -moz-linear-gradient(right, rgba(255,255,255,0.25), rgba(137,137,137,0)); /* For Firefox 3.6 to 15 */|| background: linear-gradient(to right, rgba(255,255,255,0.25) , rgba(137,137,137,0)); /* Standard syntax (must be last) */|| &#8220; transparent_background=&#8220;on&#8220; padding_mobile=&#8220;off&#8220; make_fullwidth=&#8220;off&#8220; use_custom_width=&#8220;off&#8220; width_unit=&#8220;on&#8220; global_module=&#8220;212436&#8243; global_colors_info=&#8220;{}&#8220;][et_pb_row use_custom_gutter=&#8220;on&#8220; gutter_width=&#8220;1&#8243; _builder_version=&#8220;4.16&#8243; background_size=&#8220;initial&#8220; background_position=&#8220;top_left&#8220; background_repeat=&#8220;repeat&#8220; custom_margin=&#8220;|||0px&#8220; custom_padding=&#8220;||0px|0px&#8220; make_fullwidth=&#8220;off&#8220; use_custom_width=&#8220;off&#8220; width_unit=&#8220;on&#8220; global_colors_info=&#8220;{}&#8220;][et_pb_column type=&#8220;4_4&#8243; _builder_version=&#8220;4.16&#8243; custom_padding=&#8220;|||3%&#8220; global_colors_info=&#8220;{}&#8220; custom_padding__hover=&#8220;|||&#8220;][et_pb_text admin_label=&#8220;top&#8220; _builder_version=&#8220;4.16&#8243; background_size=&#8220;initial&#8220; background_position=&#8220;top_left&#8220; background_repeat=&#8220;repeat&#8220; custom_css_main_element=&#8220;position: fixed;||top: 120px;||right: 11px;||transform: rotate(90deg);&#8220; use_border_color=&#8220;off&#8220; border_color=&#8220;#ffffff&#8220; border_style=&#8220;solid&#8220; global_colors_info=&#8220;{}&#8220;]</p>
<p><span style="font-size: 24pt; color: #f3fcf7;">←</span></p>
<p>[/et_pb_text][et_pb_text admin_label=&#8220;bottom&#8220; _builder_version=&#8220;4.16&#8243; background_size=&#8220;initial&#8220; background_position=&#8220;top_left&#8220; background_repeat=&#8220;repeat&#8220; custom_css_main_element=&#8220;position: fixed;||bottom: 120px;||right: 11px;||transform: rotate(90deg);&#8220; use_border_color=&#8220;off&#8220; border_color=&#8220;#ffffff&#8220; border_style=&#8220;solid&#8220; global_colors_info=&#8220;{}&#8220;]</p>
<p><span style="font-size: 24pt; color: #a9cb27;">→</span></p>
<p>[/et_pb_text][et_pb_image src=&#8220;https://www.staticdata.nl/svg/mirtos-wanderdorf-logo.svg&#8220; align_tablet=&#8220;center&#8220; align_last_edited=&#8220;on|desktop&#8220; _builder_version=&#8220;4.16&#8243; use_border_color=&#8220;off&#8220; border_color=&#8220;#ffffff&#8220; border_style=&#8220;solid&#8220; sticky=&#8220;off&#8220; always_center_on_mobile=&#8220;on&#8220; global_colors_info=&#8220;{}&#8220; align_phone=&#8220;center&#8220;][/et_pb_image][/et_pb_column][/et_pb_row][et_pb_row use_custom_gutter=&#8220;on&#8220; gutter_width=&#8220;1&#8243; padding_mobile=&#8220;off&#8220; column_padding_mobile=&#8220;on&#8220; _builder_version=&#8220;4.16&#8243; background_size=&#8220;initial&#8220; background_position=&#8220;top_left&#8220; background_repeat=&#8220;repeat&#8220; custom_margin=&#8220;-80px|||&#8220; custom_padding=&#8220;0px||0px|&#8220; make_fullwidth=&#8220;off&#8220; use_custom_width=&#8220;off&#8220; width_unit=&#8220;on&#8220; global_colors_info=&#8220;{}&#8220;][et_pb_column type=&#8220;4_4&#8243; _builder_version=&#8220;4.16&#8243; custom_padding=&#8220;|||&#8220; global_colors_info=&#8220;{}&#8220; custom_padding__hover=&#8220;|||&#8220;][et_pb_text _builder_version=&#8220;4.16&#8243; background_size=&#8220;initial&#8220; background_position=&#8220;top_left&#8220; background_repeat=&#8220;repeat&#8220; text_orientation=&#8220;right&#8220; background_layout=&#8220;dark&#8220; custom_margin=&#8220;-20px|||&#8220; use_border_color=&#8220;off&#8220; border_color=&#8220;#ffffff&#8220; border_style=&#8220;solid&#8220; global_colors_info=&#8220;{}&#8220;]</p>
<h1 style="text-align: right;"><span style="color: rgba(229, 255, 228, 0.8); font-size: 2.5vw;">Wandern im Süden Kretas</span></h1>
<p>[/et_pb_text][/et_pb_column][/et_pb_row][/et_pb_section][et_pb_section fb_built=&#8220;1&#8243; use_custom_gutter=&#8220;on&#8220; gutter_width=&#8220;1&#8243; specialty=&#8220;on&#8220; parallax_method_1=&#8220;off&#8220; parallax_method_2=&#8220;off&#8220; background_color_1=&#8220;rgba(229,255,228,0.8)&#8220; background_color_2=&#8220;RGBA(255,255,255,0)&#8220; padding_bottom_1=&#8220;0px&#8220; module_class_2=&#8220;plakplaatje&#8220; _builder_version=&#8220;4.24.2&#8243; background_color=&#8220;rgba(255,255,255,0)&#8220; custom_padding=&#8220;0px|||&#8220; transparent_background=&#8220;on&#8220; make_fullwidth=&#8220;off&#8220; use_custom_width=&#8220;off&#8220; width_unit=&#8220;on&#8220; global_colors_info=&#8220;{}&#8220;][et_pb_column type=&#8220;1_2&#8243; _builder_version=&#8220;4.16&#8243; custom_padding=&#8220;|||&#8220; global_colors_info=&#8220;{}&#8220; custom_padding__hover=&#8220;|||&#8220;][et_pb_post_title meta=&#8220;off&#8220; featured_image=&#8220;off&#8220; _builder_version=&#8220;4.16&#8243; custom_margin=&#8220;-15px|||&#8220; custom_padding=&#8220;0px|3%||3%&#8220; use_border_color=&#8220;off&#8220; border_color=&#8220;#ffffff&#8220; border_style=&#8220;solid&#8220; parallax_effect=&#8220;off&#8220; global_colors_info=&#8220;{}&#8220;][/et_pb_post_title][et_pb_testimonial author=&#8220;Lisa Miklin&#8220; job_title=&#8220;Wanderführerin&#8220; url=&#8220;https://www.walkingdimension.com&#8220; portrait_url=&#8220;https://mirtoshikingvillage.com/wp-content/uploads/2024/03/lisa-profile.webp&#8220; quote_icon_color=&#8220;#a9cb27&#8243; _builder_version=&#8220;4.24.2&#8243; use_background_color=&#8220;off&#8220; background_size=&#8220;initial&#8220; background_position=&#8220;top_left&#8220; background_repeat=&#8220;repeat&#8220; custom_margin=&#8220;60px|3%|3%|3%&#8220; custom_padding=&#8220;2%|2%|2%|2%&#8220; hover_enabled=&#8220;0&#8243; custom_css_main_element=&#8220;background: grey; /* For browsers that do not support gradients */|| background: -webkit-linear-gradient(left, rgba(255,255,255,1) , rgba(0,0,0,0)); /* For Safari 5.1 to 6.0 */|| background: -o-linear-gradient(right, rgba(255,255,255,1), rgba(0,0,0,0)); /* For Opera 11.1 to 12.0 */|| background: -moz-linear-gradient(right, rgba(255,255,255,1), rgba(0,0,0,0)); /* For Firefox 3.6 to 15 */|| background: linear-gradient(to right, rgba(255,255,255,1) , rgba(0,0,0,0)); /* Standard syntax (must be last) */&#8220; custom_css_testimonial_portrait=&#8220;margin-top: -60px;&#8220; use_border_color=&#8220;off&#8220; border_color=&#8220;#ffffff&#8220; border_style=&#8220;solid&#8220; global_colors_info=&#8220;{}&#8220; sticky_enabled=&#8220;0&#8243;]</p>
<p>Mein Name ist Lisa Miklin, geboren 1983 und aufgewachsen in Wien/Österreich. Ich bin zertifizierte Shiatsu-Praktikerin und Physiotherapeutin. Ich bin ein begeisterter Wanderer und Reisender. Zu Fuß gehen ist für mich die schönste Art, einen unbekannten Ort zu erkunden.</p>
<p>Das Wandern in den Bergen hilft mir, mein inneres Gleichgewicht zu bewahren und körperlich und geistig fit zu bleiben. Ich bin sehr glücklich und dankbar, dass ich meine Leidenschaft nun zum Beruf mache.</p>
<p>Seit 2018 lebe ich mit meinem Partner im Süden Kretas. Gemeinsam haben wir ein wildes Stück Land bewohnbar gemacht und orientieren uns an den Prinzipien der Permakultur. Unsere kleine Tochter wächst hier auf dieser wunderschönen Insel zwischen Bergen und Meer auf.</p>
<p>[/et_pb_testimonial][et_pb_text _builder_version=&#8220;4.24.2&#8243; background_color=&#8220;rgba(255,255,255,0.25)&#8220; background_size=&#8220;initial&#8220; background_position=&#8220;top_left&#8220; background_repeat=&#8220;repeat&#8220; custom_margin=&#8220;3%|3%|3%|3%&#8220; custom_padding=&#8220;3%|3%|3%|3%&#8220; hover_enabled=&#8220;0&#8243; border_width_all=&#8220;3px&#8220; border_color_all=&#8220;#ffffff&#8220; border_style_all=&#8220;solid&#8220; use_border_color=&#8220;on&#8220; border_color=&#8220;#ffffff&#8220; border_width=&#8220;3px&#8220; border_style=&#8220;solid&#8220; global_colors_info=&#8220;{}&#8220; sticky_enabled=&#8220;0&#8243;]</p>
<h4>Der Wert eines Wanderführers</h4>
<ul>
<li>Ein Führer zeigt den Weg.<br />
(Auf Kreta ist das noch sehr wichtig, weil die meisten Wege schlecht oder gar nicht markiert sind. Weiters bringt Sie ein Führer zu Plätzen die Sie allein nur schwer finden können)</li>
<li>Ein Führer erzählt und erklärt.</li>
<li>Ein Führer begeistert.</li>
<li>Ein Führer sorgt für Sicherheit.</li>
<li>Ein Führer verbindet Menschen mit der Natur und Menschen mit Menschen.</li>
</ul>
<p>[/et_pb_text][et_pb_divider show_divider=&#8220;off&#8220; disabled_on=&#8220;|off|on&#8220; _builder_version=&#8220;4.16&#8243; height=&#8220;30px&#8220; hide_on_mobile=&#8220;off&#8220; global_colors_info=&#8220;{}&#8220;][/et_pb_divider][/et_pb_column][et_pb_column type=&#8220;1_2&#8243; specialty_columns=&#8220;2&#8243; _builder_version=&#8220;4.16&#8243; custom_padding=&#8220;|||&#8220; global_colors_info=&#8220;{}&#8220; custom_padding__hover=&#8220;|||&#8220;][/et_pb_column][/et_pb_section]</p>

<p>←→Wandern im Süden KretasMein Name ist Lisa Miklin, geboren 1983 und aufgewachsen in Wien/Österreich. Ich bin zertifizierte Shiatsu-Praktikerin und Physiotherapeutin. Ich bin ein begeisterter Wanderer und Reisender. Zu Fuß gehen ist für mich die schönste Art, einen unbekannten Ort zu erkunden. Das Wandern in den Bergen hilft mir, mein inneres Gleichgewicht zu bewahren und körperlich [&hellip;]</p>
